. Let a be c(-7). What is the greatest common factor of 1972 and a?
58
Let f be 130/(-1300) - (-331)/10. Calculate the highest common factor of 671 and f.
11
Let x be ((-11)/(-3))/11*(1 - -11). Suppose -7*q + 2*q - 5*r = 0, -x*q = -3*r. Suppose 8*i - 7*i - 55 = q. Calculate the highest common factor of 11 and i.
11
Suppose 4*b + 2*r = 3*b + 256, -b + 2*r + 240 = 0. Suppose 3*q + 0*l - 18 = 2*l, -3*l + 1 = -q. What is the greatest common divisor of b and q?
8
Let q = -95 - -97. Suppose q*k - 4*s = -188, -k - 4*s - 27 = 37. Let m = 98 + k. Calculate the highest common divisor of m and 14.
14
Let u = 2852 - 2824. Let i(g) = g**3 - g**2 + g + 28. Let f be i(0). What is the greatest common divisor of f and u?
28
Suppose -5*o + 2*q = -276, 12*o = 11*o - 3*q + 45. Calculate the highest common factor of o and 54.
54
Suppose -8*d = 204 - 468. Let z(u) = -5*u**3 - 3*u**2 + 8*u. Let t be z(-6). Calculate the greatest common divisor of d and t.
33
Suppose -4*c - 8 + 16 = l, -25 = -5*c - 5*l. Let n(j) = j**3 + 6*j**2 - 3*j - 3. Let s be n(-6). What is the highest common factor of c and s?
1
Suppose -2*k + 21*k - 60180 = 14262. What is the highest common factor of 6 and k?
6
Let k(f) = -6*f - 198. Let q be k(-37). Suppose 6 = -3*p + 60. Calculate the greatest common factor of p and q.
6
Let j(g) = g**3 - 25*g**2 - 178*g + 2648. Let d be j(28). Calculate the greatest common divisor of 20144 and d.
16
Suppose 7173 = 19*t - 9566. Let g = -829 + t. What is the highest common divisor of 65 and g?
13
Suppose 2*v + 3*v - 65 = 0. Let k(j) = -j**2 - 46*j - 172. Let m be k(-42). Let r be 48 - (-11 + m + 24). Calculate the highest common divisor of r and v.
13
Let d = 57 + 304. Suppose 378 = 234*s - 4591 + 523. What is the highest common divisor of s and d?
19
Let q(a) = -158*a - 9095. Let d be q(-145). What is the greatest common factor of d and 90?
45
Let m(x) = x**3 + 8*x**2 + 5*x - 14. Let f be m(-5). Let g = 5 + 7. What is the greatest common factor of g and f?
12
Let z = 9982 + -9971. Calculate the highest common divisor of 4400 and z.
11
Suppose -3*v + 2*b = -24, -4*v - 4*b = -2*b - 32. Suppose 1 = -v*c + 57. Suppose -c*y + 1594 = 474. What is the highest common factor of y and 32?
32
Suppose 48*l - 40439 = 9241. What is the greatest common divisor of l and 2875?
115
Let r be 11*(-34)/(-3)*(-27)/(-18). Suppose -w + 4*t + 4 + 5 = 0, 0 = 3*w - 5*t - 41. What is the highest common divisor of w and r?
17
Let x = -35 + 44. Suppose x*s + 445 = -50. Let i = 76 + s. What is the greatest common factor of i and 14?
7
Suppose -w = 26*w + 33*w - 4440. Calculate the highest common factor of 14726 and w.
74
Suppose 26 = -2*q + 36. Suppose 2*p = q*b + 577, 4*p - 220 = 4*b + 928. What is the greatest common factor of p and 78?
26
Let u = -170 - -252. Suppose u*v = 80*v - 40. Let h be (-4 + v)*1*(-1)/2. What is the highest common divisor of 84 and h?
12
Let o be ((-14)/(-42))/(4/36). Let a be 438 + (o/4)/(3/16). Calculate the greatest common factor of 26 and a.
26
Let z(x) = 12*x - 141. Let k be z(10). Let u be 112/k*(-2 + 26/(-8)). Calculate the highest common factor of u and 21.
7
Suppose 10*v - 8*v = -4*m + 12844, -2*m + 5*v = -6446. What is the greatest common factor of m and 21?
21
Let v(a) = 2*a**3 + 70*a**2 + 55*a - 22. Let z be v(-34). What is the highest common factor of z and 1020?
60
Let t(g) = -g**3 + 12*g**2 + 2*g + 2. Let c be t(12). Let y = 81 - 29. Calculate the greatest common factor of c and y.
26
Let l(j) = 10*j**3 - j**2 - 6*j + 7. Let t be l(3). Let c = t + -241. Calculate the greatest common factor of 225 and c.
9
Suppose -b - 369 = 5*x, -1 = -7*b + 6*b. Suppose 0 = -a - 3*q - 60, -5*q = -3*a - 125 - 83. Let j = a - x. What is the highest common factor of 56 and j?
8
Let k = -583 - -2107. Calculate the highest common factor of 3 and k.
3
Suppose -1 - 4 = -a. Let b be ((-75)/(-2))/(a/10). Suppose 0 = -4*g + 7*g - b. What is the greatest common divisor of g and 5?
5
Let u be 637/9 + 30/135. Suppose m - 5*j = u, 2*m - 4*j + 142 = 4*m. Calculate the highest common factor of 71 and m.
71
Suppose -30 = 4*h - 9*h - 15. Calculate the highest common factor of h and 27.
3
Let v(s) = -2*s**3 - 2*s**2 - 2. Let o(p) = -p**2 - 3*p + 6. Let n be o(-4). Let c be v(n). Let h = c - -43. What is the greatest common factor of h and 119?
17
Let n(j) = 2*j**2 + 36*j + 4. Let w(q) = q**3 - 40*q**2 - q + 45. Let k be w(40). Let s be n(k). What is the highest common factor of 390 and s?
78
Let i be 5/((-15)/(-9)) - -21. Suppose -4*p + 86 = 204*f - 202*f, 0 = -2*p + 5*f + 73. What is the highest common factor of p and i?
24
Suppose 6*p = 8*p - 176. Let s = 27 - 22. Let a be s/((-25)/(-57)) - 6/15. Calculate the greatest common factor of a and p.
11
Suppose 47 - 197 = -25*a. Suppose 0 = -4*n - a - 6, -n - 1228 = -5*q. What is the greatest common divisor of 5 and q?
5
Let l be (-210)/(-10) - ((-12)/1)/(-3). Let g = 16 - -477. Calculate the greatest common factor of l and g.
17
Let d be ((-6)/9)/((-7)/(-20055)*-5). What is the highest common divisor of d and 2?
2
Let y = 101 - 101. Suppose y = -3*d - 90 + 219. What is the highest common divisor of 301 and d?
43
Suppose -2695*y = -2675*y - 29700. Calculate the greatest common divisor of 330 and y.
165
Let m(f) = f**3 - 6*f**2 + 20*f - 42. Let x be m(5). What is the greatest common divisor of x and 11?
11
Let o = -1209 + 1475. Calculate the greatest common divisor of 152 and o.
38
Suppose -2044 - 841 = 5*w. Let r = w + 621. What is the highest common divisor of 1056 and r?
44
Let o(v) = -v**3 + 13*v**2 + 15*v - 20. Let t be o(12). Suppose 16 + 22 = p. What is the greatest common factor of p and t?
38
Let q = 911 - 2471. Let x be -1 + q/(8/4). Let i be (-2)/(-4) - x/22. What is the greatest common divisor of i and 12?
12
Let q be (-6 - -2029) + 18 + -25. What is the greatest common divisor of q and 1134?
126
Let r be (4 - (-64)/(-12))*9/6. Let l be (r/10)/((-2)/670). What is the greatest common factor of l and 536?
67
Suppose 0 = -4*l + 5*l - 28. Suppose -6*j - l = -13*j. Suppose -5*i = -a + 20, 4*i = -j*a + 2*a + 12. Calculate the highest common factor of 10 and a.
10
Let v be 21/(-7) + (-10)/2. Let d be v/6*18/(-4). Let h be 4/d - (-3280)/12 - 2. What is the highest common factor of 34 and h?
34
Suppose 0*m - 2*m + 484 = 2*w, 0 = -m + 5*w + 242. Calculate the greatest common divisor of m and 1.
1
Suppose 4*a - 5*a - i = -1, -4 = -2*a - i. Suppose 0 = 4*v - 0*v - 48. Calculate the greatest common divisor of a and v.
3
Let w = -1520 - -1544. Calculate the greatest common divisor of 984 and w.
24
Let a(v) = 87*v - 1. Let d be a(-1). Let j = -5712 + 5718. Let w be 20/(-30) - d/j. What is the greatest common factor of 70 and w?
14
Let k = -3072 + 3105. Calculate the greatest common divisor of k and 759.
33
Let r(u) = -4*u + 7. Let m be r(3). Let g(l) = 14*l**2 + 4*l - 8. Let h be g(m). Calculate the greatest common divisor of 46 and h.
46
Suppose 5*l + 4*l - 4750 = -41*l. What is the greatest common divisor of l and 171?
19
Let t(x) = 2*x + 5. Let h be t(9). Suppose 0 = -5*j - 8 + h. Suppose d + j*r - 42 = -d, -5*d - r = -131. What is the greatest common factor of 189 and d?
27
Suppose -6*g + 100 = -2*g. Let f(k) = -k**2 - k + 11. Let v be f(7). Let q = 70 + v. What is the greatest common factor of g and q?
25
Let j be -2*((-6)/9 + 26/(-6)). Suppose 0 = j*h - 6*h - 12. Let i = 33 + h. Calculate the highest common divisor of 324 and i.
36
Suppose 11*z - 9*z - 2*l = 0, 4*z + l = 0. Suppose 7*m + 5*g - 60 = 4*m, z = 5*m - 4*g - 137. What is the highest common factor of m and 30?
5
Let o be ((-8)/(-10))/((-69)/(-62100)). Let q = o - 545. Calculate the highest common factor of 35 and q.
35
Let f(w) = -71*w - 39. Let t be f(-1). Calculate the greatest common divisor of 1928 and t.
8
Suppose -22*a - 60 + 324 = 0. Suppose 0 = a*s + s - 1170. What is the highest common divisor of 54 and s?
18
Let k(m) = 416 - 5*m + m**2 + 7 - 3*m. Let l be k(0). What is the highest common factor of 94 and l?
47
Suppose -83 = -4*q - 3. Suppose -75 = -q*x + 65. What is the greatest common factor of x and 56?
7
Let t(m) be the first derivative of m**4/4 - m**3 + 5*m**2/2 - 3*m - 61. Let f be t(3). Calculate the greatest common factor of 39 and f.
3
Suppose -12124 